{"id":9421,"date":"2022-12-21T15:44:52","date_gmt":"2022-12-21T18:44:52","guid":{"rendered":"https:\/\/www.federacionfaera.org\/sitio\/?page_id=9421"},"modified":"2023-03-23T10:34:34","modified_gmt":"2023-03-23T13:34:34","slug":"encuentro-de-cuaresma-con-mamerto-menapace","status":"publish","type":"page","link":"https:\/\/www.federacionfaera.org\/sitio\/encuentro-de-cuaresma-con-mamerto-menapace\/","title":{"rendered":"Encuentro de Cuaresma con Mamerto Menapace"},"content":{"rendered":"\t\t<div data-elementor-type=\"wp-page\" data-elementor-id=\"9421\" class=\"elementor elementor-9421\">\n\t\t\t\t\t\t<section class=\"wd-negative-gap elementor-section elementor-top-section elementor-element elementor-element-33a7522 elementor-section-boxed elementor-section-height-default elementor-section-height-default wd-section-disabled\" data-id=\"33a7522\" data-element_type=\"section\" data-e-type=\"section\" data-settings=\"{&quot;ekit_has_onepagescroll_dot&quot;:&quot;yes&quot;}\">\n\t\t\t\t\t\t<div class=\"elementor-container elementor-column-gap-default\">\n\t\t\t\t\t<div class=\"elementor-column elementor-col-100 elementor-top-column elementor-element elementor-element-98bb42c\" data-id=\"98bb42c\" data-element_type=\"column\" data-e-type=\"column\">\n\t\t\t<div class=\"elementor-widget-wrap elementor-element-populated\">\n\t\t\t\t\t\t<div class=\"elementor-element elementor-element-f46eb4f elementor-widget elementor-widget-wd_image_or_svg\" data-id=\"f46eb4f\" data-element_type=\"widget\" data-e-type=\"widget\" data-settings=\"{&quot;ekit_we_effect_on&quot;:&quot;none&quot;}\" data-widget_type=\"wd_image_or_svg.default\">\n\t\t\t\t<div class=\"elementor-widget-container\">\n\t\t\t\t\t\n\t\t<div class=\"wd-image text-left\">\n\t\t\t\t\t\t\t\t<img fetchpriority=\"high\" decoding=\"async\" width=\"4436\" height=\"1104\" src=\"https:\/\/www.federacionfaera.org\/sitio\/wp-content\/uploads\/2022\/12\/menapace-encabezado-1.png\" class=\"attachment-full size-full wp-image-9407\" alt=\"\" srcset=\"https:\/\/www.federacionfaera.org\/sitio\/wp-content\/uploads\/2022\/12\/menapace-encabezado-1.png 4436w, https:\/\/www.federacionfaera.org\/sitio\/wp-content\/uploads\/2022\/12\/menapace-encabezado-1-400x100.png 400w, https:\/\/www.federacionfaera.org\/sitio\/wp-content\/uploads\/2022\/12\/menapace-encabezado-1-1300x324.png 1300w, https:\/\/www.federacionfaera.org\/sitio\/wp-content\/uploads\/2022\/12\/menapace-encabezado-1-768x191.png 768w, https:\/\/www.federacionfaera.org\/sitio\/wp-content\/uploads\/2022\/12\/menapace-encabezado-1-1536x382.png 1536w, https:\/\/www.federacionfaera.org\/sitio\/wp-content\/uploads\/2022\/12\/menapace-encabezado-1-2048x510.png 2048w\" sizes=\"(max-width: 4436px) 100vw, 4436px\" \/>\t\t\t\t\t<\/div>\n\n\t\t\t\t\t\t<\/div>\n\t\t\t\t<\/div>\n\t\t\t\t\t<\/div>\n\t\t<\/div>\n\t\t\t\t\t<\/div>\n\t\t<\/section>\n\t\t\t\t<section class=\"wd-negative-gap elementor-section elementor-top-section elementor-element elementor-element-d79ef9b elementor-section-boxed elementor-section-height-default elementor-section-height-default wd-section-disabled\" data-id=\"d79ef9b\" data-element_type=\"section\" data-e-type=\"section\" data-settings=\"{&quot;ekit_has_onepagescroll_dot&quot;:&quot;yes&quot;}\">\n\t\t\t\t\t\t<div class=\"elementor-container elementor-column-gap-default\">\n\t\t\t\t\t<div class=\"elementor-column elementor-col-100 elementor-top-column elementor-element elementor-element-2d01800\" data-id=\"2d01800\" data-element_type=\"column\" data-e-type=\"column\">\n\t\t\t<div class=\"elementor-widget-wrap elementor-element-populated\">\n\t\t\t\t\t\t<div class=\"elementor-element elementor-element-b27495d color-scheme-inherit text-left elementor-widget elementor-widget-text-editor\" data-id=\"b27495d\" data-element_type=\"widget\" data-e-type=\"widget\" data-settings=\"{&quot;ekit_we_effect_on&quot;:&quot;none&quot;}\" data-widget_type=\"text-editor.default\">\n\t\t\t\t<div class=\"elementor-widget-container\">\n\t\t\t\t\t\t\t\t\t<p><span style=\"font-size: large;\">El jueves 16 y el viernes 17 de marzo, se llev\u00f3 a cabo un retiro de fe organizado por FAERA en Mari\u00e1polis Lia, en el que particip\u00f3 el padre Mamerto Menapace. El retiro tuvo como eje central la preparaci\u00f3n para vivir la Cuaresma de una manera distinta.<\/span><\/p><p><span style=\"font-size: large;\">Mari\u00e1polis Lia es una peque\u00f1a comunidad ubicada en la provincia de Buenos Aires, Argentina. Es un lugar de encuentro para personas que buscan crecer espiritualmente y compartir su fe. El retiro de fe fue una oportunidad para que los participantes se reunieran y reflexionaran sobre la importancia de la Cuaresma.<\/span><\/p>\t\t\t\t\t\t\t\t<\/div>\n\t\t\t\t<\/div>\n\t\t\t\t\t<\/div>\n\t\t<\/div>\n\t\t\t\t\t<\/div>\n\t\t<\/section>\n\t\t\t\t<section class=\"wd-negative-gap elementor-section elementor-top-section elementor-element elementor-element-5a6b88f elementor-section-boxed elementor-section-height-default elementor-section-height-default wd-section-disabled\" data-id=\"5a6b88f\" data-element_type=\"section\" data-e-type=\"section\" data-settings=\"{&quot;ekit_has_onepagescroll_dot&quot;:&quot;yes&quot;}\">\n\t\t\t\t\t\t<div class=\"elementor-container elementor-column-gap-default\">\n\t\t\t\t\t<div class=\"elementor-column elementor-col-100 elementor-top-column elementor-element elementor-element-c964422\" data-id=\"c964422\" data-element_type=\"column\" data-e-type=\"column\">\n\t\t\t<div class=\"elementor-widget-wrap elementor-element-populated\">\n\t\t\t\t\t\t<div class=\"elementor-element elementor-element-a1c82bc elementor-widget elementor-widget-image\" data-id=\"a1c82bc\" data-element_type=\"widget\" data-e-type=\"widget\" data-settings=\"{&quot;ekit_we_effect_on&quot;:&quot;none&quot;}\" data-widget_type=\"image.default\">\n\t\t\t\t<div class=\"elementor-widget-container\">\n\t\t\t\t\t\t\t\t\t\t\t\t\t\t\t<img decoding=\"async\" width=\"1300\" height=\"631\" src=\"https:\/\/www.federacionfaera.org\/sitio\/wp-content\/uploads\/2023\/03\/image-1300x631.png\" class=\"attachment-large size-large wp-image-9513\" alt=\"\" srcset=\"https:\/\/www.federacionfaera.org\/sitio\/wp-content\/uploads\/2023\/03\/image-1300x631.png 1300w, https:\/\/www.federacionfaera.org\/sitio\/wp-content\/uploads\/2023\/03\/image-400x194.png 400w, https:\/\/www.federacionfaera.org\/sitio\/wp-content\/uploads\/2023\/03\/image-768x373.png 768w, https:\/\/www.federacionfaera.org\/sitio\/wp-content\/uploads\/2023\/03\/image-1536x746.png 1536w, https:\/\/www.federacionfaera.org\/sitio\/wp-content\/uploads\/2023\/03\/image.png 1600w\" sizes=\"(max-width: 1300px) 100vw, 1300px\" \/>\t\t\t\t\t\t\t\t\t\t\t\t\t\t\t<\/div>\n\t\t\t\t<\/div>\n\t\t\t\t\t<\/div>\n\t\t<\/div>\n\t\t\t\t\t<\/div>\n\t\t<\/section>\n\t\t\t\t<section class=\"wd-negative-gap elementor-section elementor-top-section elementor-element elementor-element-8b2d3f9 elementor-section-boxed elementor-section-height-default elementor-section-height-default wd-section-disabled\" data-id=\"8b2d3f9\" data-element_type=\"section\" data-e-type=\"section\" data-settings=\"{&quot;ekit_has_onepagescroll_dot&quot;:&quot;yes&quot;}\">\n\t\t\t\t\t\t<div class=\"elementor-container elementor-column-gap-default\">\n\t\t\t\t\t<div class=\"elementor-column elementor-col-100 elementor-top-column elementor-element elementor-element-e4b9ae5\" data-id=\"e4b9ae5\" data-element_type=\"column\" data-e-type=\"column\">\n\t\t\t<div class=\"elementor-widget-wrap elementor-element-populated\">\n\t\t\t\t\t\t<div class=\"elementor-element elementor-element-f347ed3 color-scheme-inherit text-left elementor-widget elementor-widget-text-editor\" data-id=\"f347ed3\" data-element_type=\"widget\" data-e-type=\"widget\" data-settings=\"{&quot;ekit_we_effect_on&quot;:&quot;none&quot;}\" data-widget_type=\"text-editor.default\">\n\t\t\t\t<div class=\"elementor-widget-container\">\n\t\t\t\t\t\t\t\t\t<p><span style=\"font-size: large;\">El padre Mamerto Menapace, fue el encargado de guiar el retiro. Durante sus charlas, habl\u00f3 sobre la importancia de la Cuaresma como un tiempo de conversi\u00f3n y de renovaci\u00f3n de la fe. Tambi\u00e9n destac\u00f3 la importancia de la oraci\u00f3n y la reflexi\u00f3n durante este tiempo.<\/span><\/p>\t\t\t\t\t\t\t\t<\/div>\n\t\t\t\t<\/div>\n\t\t\t\t\t<\/div>\n\t\t<\/div>\n\t\t\t\t\t<\/div>\n\t\t<\/section>\n\t\t\t\t<section class=\"wd-negative-gap elementor-section elementor-top-section elementor-element elementor-element-957a615 elementor-section-boxed elementor-section-height-default elementor-section-height-default wd-section-disabled\" data-id=\"957a615\" data-element_type=\"section\" data-e-type=\"section\" data-settings=\"{&quot;ekit_has_onepagescroll_dot&quot;:&quot;yes&quot;}\">\n\t\t\t\t\t\t<div class=\"elementor-container elementor-column-gap-default\">\n\t\t\t\t\t<div class=\"elementor-column elementor-col-100 elementor-top-column elementor-element elementor-element-1760ade\" data-id=\"1760ade\" data-element_type=\"column\" data-e-type=\"column\">\n\t\t\t<div class=\"elementor-widget-wrap elementor-element-populated\">\n\t\t\t\t\t\t<div class=\"elementor-element elementor-element-1618f44 elementor-widget elementor-widget-image\" data-id=\"1618f44\" data-element_type=\"widget\" data-e-type=\"widget\" data-settings=\"{&quot;ekit_we_effect_on&quot;:&quot;none&quot;}\" data-widget_type=\"image.default\">\n\t\t\t\t<div class=\"elementor-widget-container\">\n\t\t\t\t\t\t\t\t\t\t\t\t\t\t\t<img decoding=\"async\" width=\"1300\" height=\"631\" src=\"https:\/\/www.federacionfaera.org\/sitio\/wp-content\/uploads\/2023\/03\/image-1-1300x631.png\" class=\"attachment-large size-large wp-image-9514\" alt=\"\" srcset=\"https:\/\/www.federacionfaera.org\/sitio\/wp-content\/uploads\/2023\/03\/image-1-1300x631.png 1300w, https:\/\/www.federacionfaera.org\/sitio\/wp-content\/uploads\/2023\/03\/image-1-400x194.png 400w, https:\/\/www.federacionfaera.org\/sitio\/wp-content\/uploads\/2023\/03\/image-1-768x373.png 768w, https:\/\/www.federacionfaera.org\/sitio\/wp-content\/uploads\/2023\/03\/image-1-1536x746.png 1536w, https:\/\/www.federacionfaera.org\/sitio\/wp-content\/uploads\/2023\/03\/image-1.png 1600w\" sizes=\"(max-width: 1300px) 100vw, 1300px\" \/>\t\t\t\t\t\t\t\t\t\t\t\t\t\t\t<\/div>\n\t\t\t\t<\/div>\n\t\t\t\t\t<\/div>\n\t\t<\/div>\n\t\t\t\t\t<\/div>\n\t\t<\/section>\n\t\t\t\t<section class=\"wd-negative-gap elementor-section elementor-top-section elementor-element elementor-element-a5c2b04 elementor-section-boxed elementor-section-height-default elementor-section-height-default wd-section-disabled\" data-id=\"a5c2b04\" data-element_type=\"section\" data-e-type=\"section\" data-settings=\"{&quot;ekit_has_onepagescroll_dot&quot;:&quot;yes&quot;}\">\n\t\t\t\t\t\t<div class=\"elementor-container elementor-column-gap-default\">\n\t\t\t\t\t<div class=\"elementor-column elementor-col-100 elementor-top-column elementor-element elementor-element-ca2d6a3\" data-id=\"ca2d6a3\" data-element_type=\"column\" data-e-type=\"column\">\n\t\t\t<div class=\"elementor-widget-wrap elementor-element-populated\">\n\t\t\t\t\t\t<div class=\"elementor-element elementor-element-d961416 color-scheme-inherit text-left elementor-widget elementor-widget-text-editor\" data-id=\"d961416\" data-element_type=\"widget\" data-e-type=\"widget\" data-settings=\"{&quot;ekit_we_effect_on&quot;:&quot;none&quot;}\" data-widget_type=\"text-editor.default\">\n\t\t\t\t<div class=\"elementor-widget-container\">\n\t\t\t\t\t\t\t\t\t<p><span style=\"font-size: large;\">Los participantes tuvieron la oportunidad de compartir sus experiencias y sus inquietudes. Se cre\u00f3 un ambiente de confianza y de respeto, en el que todos pudieron expresarse libremente y encontrar consuelo y aliento en las palabras de los dem\u00e1s.<\/span><\/p>\t\t\t\t\t\t\t\t<\/div>\n\t\t\t\t<\/div>\n\t\t\t\t\t<\/div>\n\t\t<\/div>\n\t\t\t\t\t<\/div>\n\t\t<\/section>\n\t\t\t\t<section class=\"wd-negative-gap elementor-section elementor-top-section elementor-element elementor-element-c3446ad elementor-section-boxed elementor-section-height-default elementor-section-height-default wd-section-disabled\" data-id=\"c3446ad\" data-element_type=\"section\" data-e-type=\"section\" data-settings=\"{&quot;ekit_has_onepagescroll_dot&quot;:&quot;yes&quot;}\">\n\t\t\t\t\t\t<div class=\"elementor-container elementor-column-gap-default\">\n\t\t\t\t\t<div class=\"elementor-column elementor-col-100 elementor-top-column elementor-element elementor-element-0bac737\" data-id=\"0bac737\" data-element_type=\"column\" data-e-type=\"column\">\n\t\t\t<div class=\"elementor-widget-wrap elementor-element-populated\">\n\t\t\t\t\t\t<div class=\"elementor-element elementor-element-21e2db9 elementor-widget elementor-widget-image\" data-id=\"21e2db9\" data-element_type=\"widget\" data-e-type=\"widget\" data-settings=\"{&quot;ekit_we_effect_on&quot;:&quot;none&quot;}\" data-widget_type=\"image.default\">\n\t\t\t\t<div class=\"elementor-widget-container\">\n\t\t\t\t\t\t\t\t\t\t\t\t\t\t\t<img loading=\"lazy\" decoding=\"async\" width=\"1300\" height=\"731\" src=\"https:\/\/www.federacionfaera.org\/sitio\/wp-content\/uploads\/2023\/03\/image-2-1300x731.png\" class=\"attachment-large size-large wp-image-9515\" alt=\"\" srcset=\"https:\/\/www.federacionfaera.org\/sitio\/wp-content\/uploads\/2023\/03\/image-2-1300x731.png 1300w, https:\/\/www.federacionfaera.org\/sitio\/wp-content\/uploads\/2023\/03\/image-2-400x225.png 400w, https:\/\/www.federacionfaera.org\/sitio\/wp-content\/uploads\/2023\/03\/image-2-768x432.png 768w, https:\/\/www.federacionfaera.org\/sitio\/wp-content\/uploads\/2023\/03\/image-2-1536x864.png 1536w, https:\/\/www.federacionfaera.org\/sitio\/wp-content\/uploads\/2023\/03\/image-2.png 1600w\" sizes=\"(max-width: 1300px) 100vw, 1300px\" \/>\t\t\t\t\t\t\t\t\t\t\t\t\t\t\t<\/div>\n\t\t\t\t<\/div>\n\t\t\t\t\t<\/div>\n\t\t<\/div>\n\t\t\t\t\t<\/div>\n\t\t<\/section>\n\t\t\t\t<section class=\"wd-negative-gap elementor-section elementor-top-section elementor-element elementor-element-14cfe95 elementor-section-boxed elementor-section-height-default elementor-section-height-default wd-section-disabled\" data-id=\"14cfe95\" data-element_type=\"section\" data-e-type=\"section\" data-settings=\"{&quot;ekit_has_onepagescroll_dot&quot;:&quot;yes&quot;}\">\n\t\t\t\t\t\t<div class=\"elementor-container elementor-column-gap-default\">\n\t\t\t\t\t<div class=\"elementor-column elementor-col-100 elementor-top-column elementor-element elementor-element-5ef6ea5\" data-id=\"5ef6ea5\" data-element_type=\"column\" data-e-type=\"column\">\n\t\t\t<div class=\"elementor-widget-wrap elementor-element-populated\">\n\t\t\t\t\t\t<div class=\"elementor-element elementor-element-96bef7b color-scheme-inherit text-left elementor-widget elementor-widget-text-editor\" data-id=\"96bef7b\" data-element_type=\"widget\" data-e-type=\"widget\" data-settings=\"{&quot;ekit_we_effect_on&quot;:&quot;none&quot;}\" data-widget_type=\"text-editor.default\">\n\t\t\t\t<div class=\"elementor-widget-container\">\n\t\t\t\t\t\t\t\t\t<p><span style=\"font-size: large;\">El retiro tambi\u00e9n incluy\u00f3 momentos de silencio y de meditaci\u00f3n, reconciliaci\u00f3n, en los que los participantes pudieron reflexionar sobre las ense\u00f1anzas del padre Menapace y sobre su propia fe. Se realizaron diferentes actividades, momentos de lectura y reflexi\u00f3n, y la celebraci\u00f3n de las Eucarist\u00edas en ambos d\u00edas junto al presidente de FAERA, el P. Ernesto Herrmann Sch.P y el Pbro. Jorge Villafa\u00f1ez.<\/span><\/p>\t\t\t\t\t\t\t\t<\/div>\n\t\t\t\t<\/div>\n\t\t\t\t\t<\/div>\n\t\t<\/div>\n\t\t\t\t\t<\/div>\n\t\t<\/section>\n\t\t\t\t<section class=\"wd-negative-gap elementor-section elementor-top-section elementor-element elementor-element-048b68a elementor-section-boxed elementor-section-height-default elementor-section-height-default wd-section-disabled\" data-id=\"048b68a\" data-element_type=\"section\" data-e-type=\"section\" data-settings=\"{&quot;ekit_has_onepagescroll_dot&quot;:&quot;yes&quot;}\">\n\t\t\t\t\t\t<div class=\"elementor-container elementor-column-gap-default\">\n\t\t\t\t\t<div class=\"elementor-column elementor-col-100 elementor-top-column elementor-element elementor-element-a912378\" data-id=\"a912378\" data-element_type=\"column\" data-e-type=\"column\">\n\t\t\t<div class=\"elementor-widget-wrap elementor-element-populated\">\n\t\t\t\t\t\t<div class=\"elementor-element elementor-element-9cc6502 elementor-widget elementor-widget-image\" data-id=\"9cc6502\" data-element_type=\"widget\" data-e-type=\"widget\" data-settings=\"{&quot;ekit_we_effect_on&quot;:&quot;none&quot;}\" data-widget_type=\"image.default\">\n\t\t\t\t<div class=\"elementor-widget-container\">\n\t\t\t\t\t\t\t\t\t\t\t\t\t\t\t<img loading=\"lazy\" decoding=\"async\" width=\"1300\" height=\"631\" src=\"https:\/\/www.federacionfaera.org\/sitio\/wp-content\/uploads\/2023\/03\/image-3-1300x631.png\" class=\"attachment-large size-large wp-image-9516\" alt=\"\" srcset=\"https:\/\/www.federacionfaera.org\/sitio\/wp-content\/uploads\/2023\/03\/image-3-1300x631.png 1300w, https:\/\/www.federacionfaera.org\/sitio\/wp-content\/uploads\/2023\/03\/image-3-400x194.png 400w, https:\/\/www.federacionfaera.org\/sitio\/wp-content\/uploads\/2023\/03\/image-3-768x373.png 768w, https:\/\/www.federacionfaera.org\/sitio\/wp-content\/uploads\/2023\/03\/image-3-1536x746.png 1536w, https:\/\/www.federacionfaera.org\/sitio\/wp-content\/uploads\/2023\/03\/image-3.png 1600w\" sizes=\"(max-width: 1300px) 100vw, 1300px\" \/>\t\t\t\t\t\t\t\t\t\t\t\t\t\t\t<\/div>\n\t\t\t\t<\/div>\n\t\t\t\t\t<\/div>\n\t\t<\/div>\n\t\t\t\t\t<\/div>\n\t\t<\/section>\n\t\t\t\t<section class=\"wd-negative-gap elementor-section elementor-top-section elementor-element elementor-element-e4f5476 elementor-section-boxed elementor-section-height-default elementor-section-height-default wd-section-disabled\" data-id=\"e4f5476\" data-element_type=\"section\" data-e-type=\"section\" data-settings=\"{&quot;ekit_has_onepagescroll_dot&quot;:&quot;yes&quot;}\">\n\t\t\t\t\t\t<div class=\"elementor-container elementor-column-gap-default\">\n\t\t\t\t\t<div class=\"elementor-column elementor-col-100 elementor-top-column elementor-element elementor-element-c3fa25c\" data-id=\"c3fa25c\" data-element_type=\"column\" data-e-type=\"column\">\n\t\t\t<div class=\"elementor-widget-wrap elementor-element-populated\">\n\t\t\t\t\t\t<div class=\"elementor-element elementor-element-e24a598 color-scheme-inherit text-left elementor-widget elementor-widget-text-editor\" data-id=\"e24a598\" data-element_type=\"widget\" data-e-type=\"widget\" data-settings=\"{&quot;ekit_we_effect_on&quot;:&quot;none&quot;}\" data-widget_type=\"text-editor.default\">\n\t\t\t\t<div class=\"elementor-widget-container\">\n\t\t\t\t\t\t\t\t\t<div class=\"gmail_default\"><p><span style=\"font-size: large;\">Al final del retiro, los participantes se despidieron con un sentimiento de gratitud y de renovaci\u00f3n espiritual. El padre Menapace les anim\u00f3 a seguir viviendo la Cuaresma con la misma dedicaci\u00f3n y compromiso que hab\u00edan mostrado durante el retiro. Fue un fin de semana de profunda mirada instrospectiva y de crecimiento espiritual, en el que los participantes encontraron fuerzas para continuar su camino de fe.<\/span><\/p><\/div><div><span style=\"font-size: large;\">\u00a0<\/span><\/div>\t\t\t\t\t\t\t\t<\/div>\n\t\t\t\t<\/div>\n\t\t\t\t\t<\/div>\n\t\t<\/div>\n\t\t\t\t\t<\/div>\n\t\t<\/section>\n\t\t\t\t<\/div>\n\t\t","protected":false},"excerpt":{"rendered":"<p>El jueves 16 y el viernes 17 de marzo, se llev\u00f3 a cabo un retiro de fe organizado por FAERA<\/p>\n","protected":false},"author":8,"featured_media":0,"parent":0,"menu_order":0,"comment_status":"closed","ping_status":"closed","template":"","meta":{"tpgb_global_settings":"","footnotes":""},"class_list":["post-9421","page","type-page","status-publish","hentry"],"tpgb_featured_images":null,"tpgb_post_meta_info":{"get_date":"21 diciembre, 2022","get_modified_date":"23 marzo, 2023","author_name":"Pablo Garcia Luteral","author_url":"https:\/\/www.federacionfaera.org\/sitio\/author\/comunicacion\/","author_email":"info@federacionfaera.org","author_website":"","author_description":"","author_facebook":"","author_twitter":"","author_instagram":"","author_role":["administrator","um_asociado"],"author_firstname":"Pablo","author_lastname":"Garcia Luteral","user_login":"comunicacion","author_avatar":"<img alt='' src='https:\/\/secure.gravatar.com\/avatar\/652fad21619500b907d7d2bd629280d87300fd3e31fe8fa46c36df34cc8cfb63?s=200&#038;d=mm&#038;r=g' srcset='https:\/\/secure.gravatar.com\/avatar\/652fad21619500b907d7d2bd629280d87300fd3e31fe8fa46c36df34cc8cfb63?s=400&#038;d=mm&#038;r=g 2x' class='avatar avatar-200 photo' height='200' width='200' decoding='async'\/>","author_avatar_url":"https:\/\/secure.gravatar.com\/avatar\/652fad21619500b907d7d2bd629280d87300fd3e31fe8fa46c36df34cc8cfb63?s=96&d=mm&r=g","comment_count":0,"post_likes":0,"post_views":0},"tpgb_post_category":[],"_links":{"self":[{"href":"https:\/\/www.federacionfaera.org\/sitio\/wp-json\/wp\/v2\/pages\/9421","targetHints":{"allow":["GET"]}}],"collection":[{"href":"https:\/\/www.federacionfaera.org\/sitio\/wp-json\/wp\/v2\/pages"}],"about":[{"href":"https:\/\/www.federacionfaera.org\/sitio\/wp-json\/wp\/v2\/types\/page"}],"author":[{"embeddable":true,"href":"https:\/\/www.federacionfaera.org\/sitio\/wp-json\/wp\/v2\/users\/8"}],"replies":[{"embeddable":true,"href":"https:\/\/www.federacionfaera.org\/sitio\/wp-json\/wp\/v2\/comments?post=9421"}],"version-history":[{"count":35,"href":"https:\/\/www.federacionfaera.org\/sitio\/wp-json\/wp\/v2\/pages\/9421\/revisions"}],"predecessor-version":[{"id":9519,"href":"https:\/\/www.federacionfaera.org\/sitio\/wp-json\/wp\/v2\/pages\/9421\/revisions\/9519"}],"wp:attachment":[{"href":"https:\/\/www.federacionfaera.org\/sitio\/wp-json\/wp\/v2\/media?parent=9421"}],"curies":[{"name":"wp","href":"https:\/\/api.w.org\/{rel}","templated":true}]}}